*g + 9620, -5*h + 8*h - 2*g = 7229. Is h composite?
True
Let h(n) = n**2 - 2*n - 4. Let p be 5 - 2*(-1)/(-2). Let z be h(p). Suppose 0*f - 4*f - z*j = -844, 2*f - 428 = -5*j. Is f prime?
False
Let b(m) = 2*m**3 - 19*m**2 - 23*m - 39. Is b(22) a prime number?
False
Let q = 2005 + 1338. Is q composite?
False
Let o(s) = 23*s + 30*s**2 + 7*s**2 - 24*s**2 + 21. Is o(11) composite?
False
Suppose 51021 = -0*u + 9*u. Is u prime?
True
Let i be 585/11 - 0 - (-20)/(-110). Let k(t) = -t**2 - 2*t + 6. Let j be k(-5). Is (-21)/j*3*i a prime number?
False
Suppose 5*q = -2*y - 1119, 5*y - q + 2754 = q. Let c = 1954 + y. Is c a composite number?
True
Let f = -25 - -14. Is (f/2)/((-7)/70) prime?
False
Let t(u) = 3*u - 21. Let o(s) = s - 1. Let l(m) = -5*o(m) + t(m). Let c be l(-8). Suppose -3*g - x = -2*x - 361, c = 5*g - 5*x - 615. Is g a composite number?
True
Let c = 2099 - 208. Let i = -1257 + c. Is i a prime number?
False
Let a = 3 - 11. Let q be (-170)/a + 2/(-8). Is 3*(-3 + q - 1) prime?
False
Let t(q) = -8*q - 3. Let k be t(-2). Suppose -2*r - 19 = k. Let x = r + 51. Is x composite?
True
Is 2540*(-10 - -18) + 6 a composite number?
True
Let i(o) = 37*o**2 - 10*o - 85. Is i(-24) a prime number?
True
Is 6125424/112 - -18 - (-2)/(-7) prime?
True
Let y(s) be the third derivative of -103*s**6/120 + s**4/8 - s**3/6 - 4*s**2. Is y(-2) prime?
False
Let n be 7/(84/8)*6. Suppose 2*v - 4*b - b = 1886, 3772 = 4*v + n*b. Is v prime?
False
Is (-18)/(-6) - (-13 + -7267) a prime number?
True
Suppose 70*s - 72*s = -2522. Is s prime?
False
Suppose -363 + 7227 = -22*y. Suppose -2*t = -1202 - 184. Let h = y + t. Is h composite?
True
Suppose -2*r - 4*r = -36. Suppose 4*b + 11 = -5*f + 1, 0 = -2*b - 3*f - r. Suppose -6*c = -2*c + o - 313, -3*c - o + 236 = b. Is c a prime number?
False
Suppose u = 1, -2*r + 4*u + 24464 = 3650. Is r a composite number?
True
Suppose -5*v = -b - 1780, 2*v - 4*b - 46 = 684. Suppose 11*l = 16*l - v. Is l a prime number?
True
Suppose 192*r - 189*r - 58305 = -3*i, -97187 = -5*r - 2*i. Is r prime?
False
Let f(u) = 4*u**3 + 6*u**2 - 19*u + 7. Let z be f(-8). Let s = z - -3250. Is s composite?
True
Let c = 18 + -16. Suppose c*j - 3*j = -5*r + 13, -5*r = -2*j - 16. Suppose 0 = -t + r*y + 116 + 12, -2*t - 2*y = -226. Is t prime?
False
Let r = -895 - -4098. Is r prime?
True
Let k = -4272 + 15521. Is k a prime number?
False
Let c = -5819 + 10464. Is c a prime number?
False
Let b(a) = -a + 9. Let s be b(-18). Suppose 0 = s*g - 22*g - 3355. Is g prime?
False
Let i = 8 + 2. Suppose 4*b - i = -b. Suppose 0 = -b*j + 362 + 8. Is j composite?
True
Is 129560/10 - (-3 + -3) prime?
False
Let d(o) = 2*o**2 + 37*o - 14. Let j be d(-19). Is (-84)/(-105) + 2396/j + -1 a prime number?
True
Suppose 4*q + 4*d = 24, -10 = -3*q - 5*d + 16. Suppose q + 7 = -3*c. Is c - -6 - 1506/(-3) a composite number?
True
Let g(l) = -105*l + 6. Let r(j) = 209*j - 12. Let c(y) = 5*g(y) + 2*r(y). Let x be c(-5). Suppose -z + x = -0*z. Is z a prime number?
True
Let j(p) be the first derivative of p**3/3 - 5*p + 11. Is j(12) composite?
False
Suppose -2*n + 7*n = 45. Let a(o) = 11*o**2 - 4. Is a(n) composite?
False
Let q(g) = -10*g**2 - 2*g + 4. Let n be q(5). Let o = n - -473. Let v = o - 138. Is v composite?
False
Let g be 2/((-1 - -4)/3). Is -6 + g + (-24)/(-4) + 483 composite?
True
Let n(t) = -3*t**3 - 1. Suppose l + 5*z = 14, 0 = -4*l + z - 7 - 0. Let y be n(l). Suppose 111 = m + y*d, -3*d = d + 8. Is m prime?
False
Suppose m - 260 = -x, 5*x - 2*x + 5*m = 772. Let j = -51 + x. Is j prime?
False
Suppose 0 = -5*l + 4*k + 258186, 35*k - 31*k = 4. Is l a prime number?
False
Suppose 5*m + 0*m - 4*o = 148527, 6 = -2*o. Is m prime?
False
Suppose -5*d = z - 6*z + 15, -3*z + 17 = d. Suppose -3*o = d*o - 1270. Is o a composite number?
True
Let y = 2825 - -2036. Suppose 4*g = -5*w + y - 1547, -g - 1985 = -3*w. Suppose z = 3*i + i - w, -3*z = 5*i - 836. Is i a prime number?
False
Let l be 80/14*7/2. Let v = l + -16. Suppose -v*z = -891 - 97. Is z a prime number?
False
Suppose -3*w - 6149 + 31465 = 5*y, 4*w = 2*y - 10116. Is y composite?
True
Suppose -2*i - i = -42. Let m = i - 9. Suppose -m*a = -344 - 371. Is a a prime number?
False
Let f be -12*4/30*10. Suppose -4*n - 51 = -g, -4*n - g - 25 = 20. Is (-1311)/n - (-4)/f prime?
True
Let s = -460 + -8. Let m = 881 + s. Is m composite?
True
Suppose 0 = 196*x - 171*x - 349075. Is x a prime number?
True
Let j(k) = -k**3 - 3*k**2 - 22*k - 17. Suppose -10*v - 37 = 83. Is j(v) a composite number?
False
Is (-1 - (-18)/14) + (-881775)/(-175) a composite number?
False
Let h(p) = 13*p**3 + 6*p**2 - 12*p - 22. Is h(5) composite?
False
Let y(d) = 3*d - 17. Let x(v) = 4*v - 25. Let o(r) = 5*x(r) - 7*y(r). Let z be o(4). Let n(f) = f**3 + 12*f**2 + 2*f + 5. Is n(z) a composite number?
True
Let a(b) = b**3 + 22*b**2 + 22*b + 21. Let v be a(-21). Suppose -o + 3*c + 2704 = v, -4*o - 2*c + 10823 = -7*c. Is o a prime number?
True
Suppose -99*s + 101*s = 428. Suppose -5*q + 5709 = s. Is q a composite number?
True
Let h(q) = 15*q**2 + q - 1. Let d be h(-2). Suppose 5*i - 4*u - 285 = -9*u, -3*u = -i + d. Is i a composite number?
True
Let b(s) = -s**3 + 8*s**2 - 8*s + 10. Let h be b(7). Let c be (7/(-2) + 2)*-12. Let k = c - h. Is k prime?
False
Suppose 23*n - 18*n = 2*j + 161398, 2*n + j = 64552. Is n composite?
True
Let h be (-2)/(-1)*(-45)/(-2). Let o = -10 - -17. Let b = h - o. Is b composite?
True
Let h(g) = g**3 + 6*g**2 + g. Let t be h(-2). Suppose 0 = -t*v + 16*v - 298. Is v prime?
True
Let b(d) = 2*d**3 + 9*d**2 + 18*d + 59. Is b(12) prime?
False
Let c be 36/63 - 1935/(-7). Is 10/(-25) - c/(-5) a prime number?
False
Let x = 39 - 34. Suppose x*l - 2769 = 2*l. Is l composite?
True
Let g = 92 - 65. Suppose -24*u + g*u = 3453. Is u a composite number?
False
Let z = 2352 + -1332. Suppose 6*c - 570 = z. Is c composite?
True
Let x be 1/(-2)*(4 + -4). Suppose -4*a + 4 + x = -5*r, -r - 2 = -2*a. Suppose 0 = -2*y - 2*q + 326, r*y = 5*y + 2*q - 809. Is y a composite number?
True
Let w = -4 - -8. Suppose d - w = -d. Suppose -d*k = 2*k - y - 239, -5*k + 298 = -y. Is k prime?
True
Suppose -4*j - 2*k = -19 - 57, j - 19 = 2*k. Let q = j + -32. Let g(o) = -o**3 - 10*o**2 + 15*o + 2. Is g(q) a composite number?
True
Suppose -z = -2*b - 9663, -11*b + 19319 = 2*z - 8*b. Is z composite?
False
Let x = -24 - -28. Suppose -x*b + 1892 + 780 = 0. Let i = b + -259. Is i a prime number?
True
Is 1887571/215 - (-4)/(-10) a prime number?
True
Let i(t) = -t - 4. Let o be i(-7). Suppose -3*z + 5*l + 554 = 0, 2*z - z = -5*l + 158. Suppose z = -o*d + 5*d. Is d composite?
False
Suppose 0 = 2*b - 3*v - 401, -3*b = 5*v - 8*v - 597. Suppose -b - 155 = -p - x, -p + 3*x = -359. Is p a composite number?
False
Suppose 4*p - 10084 = -b + 5540, -3*p + 11741 = -5*b. Is p prime?
True
Suppose -7*k = -11*k - 24. Let l be (-116 - -3)/(2/k). Suppose -5*a = 4*h - 3399, 343 + l = a + 3*h. Is a composite?
True
Suppose 6*t = 3*t + 7113. Is t a composite number?
False
Suppose 11 - 8 = d. Suppose -186 = d*n - 1593. Is n composite?
True
Let k(a) = 218*a**2 - 18*a + 17. Is k(-5) a composite number?
False
Let m(x) = -2*x**2 + 7*x - 8. Let r be m(13). Let f = r - -572. Is f a composite number?
False
Let r(x) = 2*x**3 + 2*x**2 + 2*x. Let p be r(-2). Let m be ((-524)/12)/((-2)/p). Let b = m + 473. Is b composite?
False
Is -5*(68776/5)/(-4) a prime number?
False
Suppose 4*b + 7119 = 4*l - 2777, 5*l - 12410 = -3*b. Is l composite?
True
Suppose -6 = p - 4*p. Let o(a) = -976*a**3 - 2*a**p + 8*a - 1 - 10*a + 344*a**3. Is o(-1) a prime number?
True
Let s = 779 + 1760. Is s a composite number?
False
Let p = 178 + -151. Suppose p*c - 762 = 21*c. Is c composite?
False
Suppose 0 = -5*h - m + 7925 - 125, 5*m + 6211 = 4*h. Is h prime?
True
Suppose -3*y = y + 12, 2*i - y + 109 = 0. Let s = 62 - i. Suppose w - s = 69. Is w prime?
False
Let q be ((-9359)/(-14))/((-1)/(-4)). Suppose -8*u = -u - q. Is u a composite number?
True
Let w = 3648 + -1471. Is w a prime number?
False
Let g = 7118 + -2761. Is g a prime number?
True
Let c(z) be the third derivative of -8*z**2 + 1/60*z**5 + 0 + 19/3*z**3 + 0*z**4 + 0*z. Is c(0) composite?
True
Let l = 309 + -127. Let x = 417 - l. Suppose -x = -5*h + 4*s + 84, 5*h - 351 = -4*s. Is h composite?
False
Let 